z = d + t. What is the units digit of z?
1
Let a = -493 - -1154. What is the tens digit of a?
6
Suppose -67*d = -61*d - 23934. What is the thousands digit of d?
3
Let g(h) = -4*h**2 + 6 - h**3 + 3*h + 2 - 2*h**2 + 3*h. What is the units digit of g(-8)?
8
Suppose 3*k - 110 = 5*o - 0*o, 3*k = 15. Let a = 14 + o. What is the tens digit of -1 + 14 - (a - -1)?
1
Suppose 2*y = 5*j - 8, 0 = -2*j + 4*j - 3*y - 12. Let t(f) = f**3 - 2*f**2 + 278. What is the hundreds digit of t(j)?
2
Let j(v) = 9*v + 44. What is the units digit of j(0)?
4
Suppose 2*r + 2*w = 10, -2*r - 15 = 2*r - 3*w. Suppose 4*d - 6*d = -u + 1, r = 2*u - 5*d - 1. What is the units digit of (10 - 1)/(u/9)?
7
What is the thousands digit of 67465/14 - (-14)/196?
4
Suppose 46501 = 19*f - 10860. What is the tens digit of f?
1
Let j be (-2)/(-3) + (-201)/(-9). Let c = j - 42. Let p = c + 72. What is the tens digit of p?
5
Let f(w) = 0*w**3 + 4 - w**3 + 5 + 55*w**2 - 47*w**2. Let m(k) = 7*k**2. Let r be m(-1). What is the units digit of f(r)?
8
Let u(r) = -r - 5. Let k be u(-10). Suppose -4*l + 5*c - 160 = 0, -k*l - 237 = 2*c + c. Let a = l - -71. What is the tens digit of a?
2
Let z be (9 - 1)*1/2. Let h be (72/(-14))/(z/70). Let d = 136 + h. What is the tens digit of d?
4
Let z(q) = -q**2 - 3*q + 2 + 15*q + 0*q**2 - 10. What is the units digit of z(11)?
3
Let k be (3/3)/(-2)*8. Let w = k + 6. What is the units digit of w/(8/116*1)?
9
Suppose -44*h = -39*h - 650. Suppose 841 = 9*d + h. What is the units digit of d?
9
Let z = -2004 - -2850. What is the tens digit of z?
4
Let o = 139 - 260. Let x = o - -180. What is the tens digit of x?
5
Suppose 3*u + 2*v - 6733 = 2539, -4*v - 6160 = -2*u. What is the hundreds digit of u?
0
Let i(f) = -18*f**2 + 50*f**2 - 5 + 13*f**2 + 4*f. What is the hundreds digit of i(2)?
1
Suppose 3*m + 762 = -3*h, 0 = 3*h - 3. Let w = m - -431. What is the tens digit of w?
7
Suppose 4*d - 574 = -3*f + 1026, 0 = -5*d + 3*f + 2027. What is the units digit of d?
3
Let b be (-28)/(-5) + (-6)/10. Suppose 4 + 19 = 4*t + 5*s, -b*t + 37 = -2*s. Suppose -t*l = -5*l - 2. What is the units digit of l?
1
Suppose -5*q + 4 + 6 = 0. Let u be 16/4 + (q - -1). What is the units digit of 180/u - (-4)/14?
6
Let r(d) = 32*d - 31. Let x = -3 + 9. What is the tens digit of r(x)?
6
Suppose 2*x + 2*x = -5*v + 8, -4*x = 2*v - 8. Suppose -2*i = -4*c + 302, 2*c - x*i = -0*i + 154. What is the units digit of c?
4
Let z(s) = -s**2 - 26*s - 19. What is the units digit of z(-24)?
9
Let v = 283 + 291. What is the hundreds digit of v?
5
Let r(v) = v**2 + 8*v - 61. What is the tens digit of r(6)?
2
Suppose 0 = -5*f - 4*m, 5*f + 0*m = 4*m. What is the tens digit of 82 - (f/(-2))/(-5)?
8
Let v(q) = q + 297. What is the hundreds digit of v(-33)?
2
Suppose -3*b - 5*m = -958, -3*m - m + 310 = b. What is the tens digit of b?
2
Let f(x) = -23*x + 9. What is the tens digit of f(-6)?
4
Let d(u) = -u**2 - 14*u - 11. Let n be d(-13). Suppose -3*a - f + 187 = 0, -n*a + 123 = f - 2*f. Let q = a + -37. What is the tens digit of q?
2
Let r(f) = 3*f**2 - 5*f**2 + 2*f - 1 - 9*f**3 - 4*f. What is the units digit of r(-2)?
7
Let o = 359 + 656. What is the thousands digit of o?
1
Suppose -5*j - 3*i = -0*i - 1752, -5*i - 1760 = -5*j. Suppose -5*w + 204 = -j. What is the units digit of w?
1
What is the hundreds digit of (-2)/(-9) - 136084/(-468)?
2
Let i(d) = -d**3 + 21*d**2 - 15*d + 13. What is the units digit of i(20)?
3
Let f = 560 - -433. What is the tens digit of f?
9
Let z(v) be the first derivative of 5/2*v**2 - 4 + 2*v. What is the tens digit of z(2)?
1
Let t(h) = 299*h - 761. What is the thousands digit of t(15)?
3
Suppose 30*p - 27*p = 6. Suppose 4*b = 3*s + 161, 0 = -p*b + 6*b - 4*s - 156. What is the units digit of b?
4
What is the units digit of 2425/3 + (-4)/(-6)?
9
Let d(i) = -28*i - 3. Let c be d(-3). Let b(p) = p**3 + 33*p**2 - 71*p - 71. Let l be b(-35). Let y = c + l. What is the tens digit of y?
4
Suppose -13560 = -4*z - 4*t + 888, z - 2*t = 3603. What is the tens digit of z?
0
Let o(y) = -2 + 2 - 14*y + 4 - 5. Let z be o(-1). Let m(d) = -d**2 + 13*d + 14. What is the units digit of m(z)?
4
Suppose 5*o - 4101 = r - 10327, -4*r = 4*o - 24784. What is the hundreds digit of r?
2
Suppose 0 = b + 3*b - 3*s - 23134, -5*b + 5*s = -28920. What is the tens digit of b?
8
Suppose 0 = -8*z - 0*z + 72. Let t be (z/18)/(1/(-42)). What is the units digit of 1/(-3) - 196/t?
9
Let c = -151 + 270. Let v = c + -48. What is the units digit of v?
1
Let p = -68 - -23. Let c = 98 + p. Let u = c + -36. What is the tens digit of u?
1
Let l(p) = 24*p**2 - p - 70. What is the tens digit of l(7)?
9
Suppose -81 = -3*r - 2*w, r = -2*r + 2*w + 69. Let u = r + 105. Suppose 4*a - 174 + 6 = -4*p, -p = 3*a - u. What is the tens digit of a?
4
Suppose 5*d + 269 = 829. Suppose 3*x + g - 84 = 0, 7*g = 4*x + 2*g - d. What is the units digit of x?
8
Suppose 2*o = -5*r - 32, 9*o = r + 4*o + 1. Let l(b) = -2*b - 7. Let m be l(r). Suppose 0 = 4*g + 3*u + 7, m*g - 23 = g + 3*u. What is the units digit of g?
2
Let s be (4 - (-51)/(-12))*-16. Suppose s*j - 15 = 9. What is the units digit of j?
6
Let g = -37 + 53. Suppose -3*p + g + 2 = 5*f, -11 = -4*f + p. What is the units digit of f?
3
Let o = -694 - -1200. What is the tens digit of o?
0
Let i = 55 + 8. Suppose 4*t + 2520 = 32*t. Let n = t - i. What is the units digit of n?
7
Let a(y) = -15*y**2 - 5*y - 5. Let x(l) = -7*l**2 - 3*l - 3. Let g(k) = 6*a(k) - 13*x(k). Let z be g(-8). What is the units digit of z/(-4)*-30*4?
0
Suppose -o - 2558 = -3*o - 5*s, -o + 1273 = 4*s. What is the tens digit of o?
8
Let r(d) = 6*d**2 + 19*d - 4. What is the tens digit of r(-6)?
9
What is the hundreds digit of 692 - (-10)/(9 + 1)?
6
Let o be -1*(-2 + 0) + -7. Let r = o - -36. Suppose 5*m + 5*y - 145 = 2*y, -r = -m - y. What is the tens digit of m?
2
What is the tens digit of 5 + 4882*7/14?
4
Suppose -2*j = -1264 - 180. What is the units digit of j?
2
Let w = -77 - -221. Suppose 0 = -5*n + 6*n - w. Suppose 9*m - 11*m + n = 0. What is the units digit of m?
2
What is the tens digit of 1084/((-8)/(-192)*6)?
3
Suppose 121 + 99 = 5*w. Suppose 4*h - 4*s - 48 = 0, -4*h + 0*s = -2*s - w. What is the units digit of h?
0
Let w(u) be the first derivative of 2*u**3/3 - u**2 - 5*u + 2. Let m be w(3). Let t = 1 + m. What is the units digit of t?
8
Let b be (2/4)/(11/66). What is the tens digit of 9/6*(b + 327/9)?
5
What is the thousands digit of (-587)/(-3 + 21/6)*-1?
1
Suppose -6*h + 1348 = -2360. What is the hundreds digit of h?
6
Let y(p) = 4*p - 3. Let k be y(3). What is the units digit of 408/k - (-8)/12?
6
Suppose -48 = -28*x + 32*x. Let o = x - -24. What is the units digit of o?
2
Suppose 5*b + 4*m = -m + 1795, 0 = m + 5. Suppose -5*v + 103 = y, 3*v + b = 4*y - v. What is the tens digit of y?
9
Suppose 2 + 2999 = m - y, -3*m + 5*y + 9007 = 0. What is the tens digit of m?
9
Let k(q) = -98*q - 51. What is the units digit of k(-2)?
5
Let y = -28 + 36. Suppose -2*x - 58 = -5*o + 81, 4*x + y = 0. What is the units digit of o?
7
Let q(f) = -1 + 4 + 6*f + f**2 + 0*f**2. Let t be q(-6). Suppose 0 = t*w - 9 - 9. What is the units digit of w?
6
Let m(y) = 30*y**3 + 21*y**2 - 64*y + 3. What is the units digit of m(3)?
0
What is the units digit of 1 - 18976/(-11) - 117/1287?
6
Suppose 0 = -2*d - 7 + 13. Suppose 2*h + d*v = -3, v = 3*h + 4*v. What is the units digit of h?
3
Suppose -2*g + 157 = g - 5*o, 56 = g + 2*o. Suppose 4*a - 3*a - g = 0. What is the units digit of a?
4
Let j = 1392 - 739. What is the hundreds digit of j?
6
Let j(b) = -b**3 + 9*b**2 + 3. Let u = 27 + -18. Let o be j(u). Suppose 2*v + 29 = 5*r, -2 = 4*r + o*v - 16. What is the units digit of r?
5
Let s(c) = c**2 - 9*c + 23. Let q(x) = 2*x**2 - 17*x + 46. Let y(o) = -3*q(o) + 7*s(o). What is the tens digit of y(11)?
1
What is the hundreds digit of (-120)/(-90)*69*21?
9
Suppose -8*o = -32 - 0. Suppose 0 = -4*x + d + 23, -2 - 5 = -2*x + 5*d. Let c = o + x. What is the tens digit of c?
1
Let j = 393 - 307. What is the tens digit of j?
8
Let d = -518 + 190. Let a = d - -595. What is the units digit of a?
7
Let u(y) = -y**3 - 2*y**2 + y + 6. Let o be u(-3). What is the units digit of (37 + -1)*42/o?
6
Suppose 0 = -8*q + 3*q + 10. Suppose -q + 5 = 3*r. Suppose 4*b = 